{"version":"1.0","provider_name":"Dina vil\u00e1ga","provider_url":"https:\/\/dinavilaga.cafeblog.hu","author_name":"Dina","author_url":"https:\/\/dinavilaga.cafeblog.hu\/author\/edina-kalocsaigmail-com\/","title":"T\u00f6rpes\u00fcni torta","html":"<div dir=\"ltr\"><br><div><a href=\"https:\/\/dinavilaga.cafeblog.hu\/files\/2013\/11\/s%C3%BCni.jpg\"><img border=\"0\" src=\"https:\/\/dinavilaga.cafeblog.hu\/files\/2013\/11\/s%C3%BCni.jpg\" height=\"480\" width=\"640\"><\/a><\/div><br><div>Bar\u00e1tn\u0151m kisfi\u00e1nak sz\u00fclinapj\u00e1ra k\u00e9sz\u00fclt\u00fcnk meglepet\u00e9ssel. A legkedvesebb kis\u00e1llata a feh\u00e9rhas\u00fa t\u00f6rpes\u00fcni, \u00edgy nem is volt k\u00e9rd\u00e9s a t\u00e9ma. :) A k\u00e9rd\u00e9s egyed\u00fcl az volt, hogy \u00e9n azt ugyan hogyan csin\u00e1lom meg? :D<\/div><br>Szerett\u00e9k volna, ha az enn\u00e9l a fajt\u00e1n\u00e1l elterjedt fot\u00f3kon l\u00e1that\u00f3,\u00a0 tipikus hanyattg\u00f6mb\u00f6l\u00f6d\u0151 s\u00fcnit mutatom meg, a nagy lap\u00e1t f\u00fcleivel, sz\u00f3val a rendesen \u00e1ll\u00f3, h\u00e1tukon mered\u0151 t\u00fcsk\u00e9s eg\u00e9sz tort\u00e1k kiestek az inspir\u00e1ci\u00f3 pixis\u00e9b\u0151l. Az is megoldhatatlannak t\u0171nt, hogy maga a s\u00fcni legyen \u00edgy a torta, ezt a form\u00e1t nem mertem bev\u00e1llalni puha pisk\u00f3ta \u00e9s sok f\u0151z\u00f6tt kr\u00e9m egy\u00fcttes\u00e9b\u0151l. \u00cdgy alakult, hogy apr\u00f3 r\u00e9tet szimboliz\u00e1ltam a tort\u00e1b\u00f3l, a s\u00fcni pedig <a href=\"http:\/\/dinavilaga.blogspot.hu\/2012\/11\/pluss-nyuszi.html\" target=\"_blank\"><span>puncsgoly\u00f3 massz\u00e1b\u00f3l<\/span><\/a> k\u00e9sz\u00fclt. Harmadszorra siker\u00fclt is...nagyj\u00e1b\u00f3l.<br><br>El\u0151sz\u00f6r t\u00fal l\u00e1gy volt a massza, a s\u00fcni elter\u00fclt, elform\u00e1tlanodott. M\u00e1sodj\u00e1ra a marcip\u00e1n makacsolta meg mag\u00e1t, sokkal sz\u00f6rm\u00e9sebbre k\u00e9pzeltem ugyanis, de augusztus l\u00e9v\u00e9n (a legpocs\u00e9kabb marcip\u00e1noz\u00f3s id\u0151szak, meleg, p\u00e1r\u00e1s leveg\u0151, t\u00f6rik, szikkad, sz\u0151rm\u00e9t ne akarj\u00e1l) f\u00e9l\u00faton feladtam, \u00edgy j\u00f6tt a harmadik verzi\u00f3. A pocak maradt sima, karcolt, enyh\u00e9n festett, a h\u00e1ton bet\u00e1madott a kisoll\u00f3. Lehetne sokkal-sokkal kidolgozottabb, most m\u00e1r l\u00e1tom, hol hib\u00e1ztam, de nekem kedves darab.<br>F\u0151leg, hogy bar\u00e1tn\u0151m lelkesen mes\u00e9lte, hogy\u00a0 fia senkinek nem engedte, hogy hozz\u00e1ny\u00faljon, a m\u00e1snapi utaz\u00e1skor \u00f3vatosan becsomagolva a kez\u00e9ben vitte, mert ez az \u0151 s\u00fcnije. :)) <br><br>Az alma volt m\u00e9g sz\u00edvem cs\u00fccske, m\u00e1r r\u00e9ges-r\u00e9gen ki akartam pr\u00f3b\u00e1lni a cukr\u00e1szsulik elmaradhatatlan marcip\u00e1ngy\u00fcm\u00f6lcs\u00e9t, jelentem, siker\u00fclt! :)<br><br><div><a href=\"https:\/\/dinavilaga.cafeblog.hu\/files\/2013\/11\/s\u00fcni2.jpg\"><img border=\"0\" src=\"https:\/\/dinavilaga.cafeblog.hu\/files\/2013\/11\/s\u00fcni2.jpg\" height=\"640\" width=\"556\"><\/a><\/div><br>Boldog Sz\u00fclinapot Dini! :)<br><br>Jaj, megvan, mit felejtettem el eddig le\u00edrni! :) Hogy inspir\u00e1ci\u00f3t Zalai Kl\u00e1ri zseni\u00e1lis s\u00fcnitort\u00e1j\u00e1b\u00f3l mer\u00edtettem, amivel m\u00e9g arany\u00e9rmet is nyert egy versenyen. K\u00f6szi Kl\u00e1ri! :)<br><br>Dina vil\u00e1ga a facebookon is el\u00e9rhet\u0151, \u00edgy biztosan nem maradsz le semmir\u0151l! :)<br><br><div><a href=\"https:\/\/www.facebook.com\/pages\/Dina-vil%C3%A1ga-tort%C3%A1k-s%C3%BCtik\/198016146952133?ref=hl\" target=\"_blank\"><img alt=\" https:\/\/www.facebook.com\/pages\/Dina-vil%C3%A1ga-tort%C3%A1k-s%C3%BCtik\/198016146952133?ref=hl\" border=\"0\" src=\"https:\/\/dinavilaga.cafeblog.hu\/files\/2013\/11\/Cracked-Facebook-Logo5.png\" height=\"200\" width=\"200\"><\/a><\/div><br><br><br><br><br><br><br><br><br><br><br><br><br>Valamint minden \u00e9dess\u00e9get, desszertet kedvel\u0151t v\u00e1runk szeretettel szint\u00e9n a facebookon, a  DesszertSarok csoportban!<br><br><div><a href=\"https:\/\/www.facebook.com\/groups\/177604679101465\/\" target=\"_blank\"><img alt=\" https:\/\/www.facebook.com\/groups\/177604679101465\/\" border=\"0\" src=\"https:\/\/dinavilaga.cafeblog.hu\/files\/2013\/11\/1420173_590593694311681_1314418_n.jpg\" height=\"105\" width=\"200\"><\/a><\/div><\/div>","type":"rich"}

Dina világa

Törpesüni torta

<div dir="ltr"><br><div><a href="https://dinavilaga.cafeblog.hu/files/2013/11/s%C3%BCni.jpg"><img border="0" src="https://dinavilaga.cafeblog.hu/files/2013/11/s%C3%BCni.jpg" height="480" width="640"></a></div><br><div>Barátnőm kisfiának szülinapjára készültünk meglepetéssel. A legkedvesebb kisállata a fehérhasú törpesüni, így nem is volt kérdés a téma. :) A kérdés egyedül az volt, hogy én azt ugyan hogyan csinálom meg? :D</div><br>Szerették volna, ha az ennél a fajtánál elterjedt fotókon látható,  tipikus hanyattgömbölödő sünit mutatom meg, a nagy lapát füleivel, szóval a rendesen álló, hátukon meredő tüskés egész torták kiestek az inspiráció pixiséből. Az is megoldhatatlannak tűnt, hogy maga a süni legyen így a torta, ezt a formát nem mertem bevállalni puha piskóta és sok főzött krém együtteséből. Így alakult, hogy apró rétet szimbolizáltam a tortából, a süni pedig <a href="http://dinavilaga.blogspot.hu/2012/11/pluss-nyuszi.html" target="_blank"><span>puncsgolyó masszából</span></a> készült. Harmadszorra sikerült is...nagyjából.<br><br>Először túl lágy volt a massza, a süni elterült, elformátlanodott. Másodjára a marcipán makacsolta meg magát, sokkal szörmésebbre képzeltem ugyanis, de augusztus lévén (a legpocsékabb marcipánozós időszak, meleg, párás levegő, törik, szikkad, szőrmét ne akarjál) félúton feladtam, így jött a harmadik verzió. A pocak maradt sima, karcolt, enyhén festett, a háton betámadott a kisolló. Lehetne sokkal-sokkal kidolgozottabb, most már látom, hol hibáztam, de nekem kedves darab.<br>Főleg, hogy barátnőm lelkesen mesélte, hogy  fia senkinek nem engedte, hogy hozzányúljon, a másnapi utazáskor óvatosan becsomagolva a kezében vitte, mert ez az ő sünije. :)) <br><br>Az alma volt még szívem csücske, már réges-régen ki akartam próbálni a cukrászsulik elmaradhatatlan marcipángyümölcsét, jelentem, sikerült! :)<br><br><div><a href="https://dinavilaga.cafeblog.hu/files/2013/11/süni2.jpg"><img border="0" src="https://dinavilaga.cafeblog.hu/files/2013/11/süni2.jpg" height="640" width="556"></a></div><br>Boldog Szülinapot Dini! :)<br><br>Jaj, megvan, mit felejtettem el eddig leírni! :) Hogy inspirációt Zalai Klári zseniális sünitortájából merítettem, amivel még aranyérmet is nyert egy versenyen. Köszi Klári! :)<br><br>Dina világa a facebookon is elérhető, így biztosan nem maradsz le semmiről! :)<br><br><div><a href="https://www.facebook.com/pages/Dina-vil%C3%A1ga-tort%C3%A1k-s%C3%BCtik/198016146952133?ref=hl" target="_blank"><img alt=" https://www.facebook.com/pages/Dina-vil%C3%A1ga-tort%C3%A1k-s%C3%BCtik/198016146952133?ref=hl" border="0" src="https://dinavilaga.cafeblog.hu/files/2013/11/Cracked-Facebook-Logo5.png" height="200" width="200"></a></div><br><br><br><br><br><br><br><br><br><br><br><br><br>Valamint minden édességet, desszertet kedvelőt várunk szeretettel szintén a facebookon, a  DesszertSarok csoportban!<br><br><div><a href="https://www.facebook.com/groups/177604679101465/" target="_blank"><img alt=" https://www.facebook.com/groups/177604679101465/" border="0" src="https://dinavilaga.cafeblog.hu/files/2013/11/1420173_590593694311681_1314418_n.jpg" height="105" width="200"></a></div></div>
