{"version":"1.0","provider_name":"Dina vil\u00e1ga","provider_url":"https:\/\/dinavilaga.cafeblog.hu","author_name":"Dina","author_url":"https:\/\/dinavilaga.cafeblog.hu\/author\/edina-kalocsaigmail-com\/","title":"Cica","html":"<div><a href=\"http:\/\/4.bp.blogspot.com\/-jbNRsJSrgNY\/T8s6PLJNKbI\/AAAAAAAABJY\/eYKZv4sZ8jU\/s1600\/20120603_001.jpg\"><img border=\"0\" height=\"480\" src=\"https:\/\/dinavilaga.cafeblog.hu\/files\/2012\/06\/20120603_001.jpg\" width=\"640\"><\/a><\/div><br><br>\u00a0\u00a0 \u00daj kih\u00edv\u00e1s \u00e9rkezett. :) Volt koll\u00e9gan\u0151m sz\u00fclinapj\u00e1ra k\u00e9sz\u00fclt. Teljesen r\u00e1m b\u00edzt\u00e1k a dolgot, hisz ismerem. B\u00e1r a gy\u00f6ny\u00f6r\u0171 60-at t\u00f6lti, szabad sz\u00e1j\u00fa, vag\u00e1ny, laza n\u0151cit kell elk\u00e9pzelni, aki im\u00e1dja a macsk\u00e1kat, sz\u00f3val nem az a tipikus lilavir\u00e1gos-masnis emberke. Macsk\u00e1b\u00f3l is k\u00e9sz\u00fclt m\u00e1r rengeteg torta, a g\u00f6mb\u00f6ly\u00f6dve alv\u00f3s m\u00e1r nekem kicsit uncsi, m\u00e1r volt is, ekkora m\u00e9retben az \u00fcl\u0151vel meg sem pr\u00f3b\u00e1lkozom. Jerry Tom-ja t\u0171nt m\u00e9g j\u00f3 \u00f6tletnek, de valami m\u00e1st, valami vag\u00e1nyabbat szerettem volna. Neten tal\u00e1ltam r\u00e1 egy fot\u00f3ra, azt\u00e1n kis bar\u00e1ti k\u00f6r\u00f6mben tartottam mini szavaz\u00e1st. A g\u00f6mb\u00f6ly\u00f6d\u00f6tt, Tom \u00e9s ez lehetett volna, egy\u00e9rtelm\u0171en ez lett a befut\u00f3. T\u00f6k olyan, mint egy j\u00f3llakott napk\u00f6zis. :D\u00a0 <br><br>\u00a0\u00a0 Elhat\u00e1roztam, hogy majd most is f\u00e1zisonk\u00e9nt fot\u00f3zok, azt\u00e1n szok\u00e1s szerint csak az els\u0151 j\u00f6tt \u00f6ssze, ut\u00e1na m\u00e1r valahogy elfelejt\u0151d\u00f6tt\u00a0 a masina. Az els\u0151t az\u00e9rt hozom.<br><br><div><a href=\"http:\/\/4.bp.blogspot.com\/-_g2UeEMNh58\/T8s8bW7tR2I\/AAAAAAAABJg\/uvfS8AXJDZ0\/s1600\/20120601_033.jpg\"><img border=\"0\" height=\"434\" src=\"https:\/\/dinavilaga.cafeblog.hu\/files\/2012\/06\/20120601_033.jpg\" width=\"640\"><\/a><\/div><br>\u00a0\u00a0 Tejbegr\u00edzes kr\u00e9mmel \u00e9s karamellel lett t\u00f6ltve, csak\u00fagy, mint \u00f6csi\u00e9, nagyon bej\u00f6n most ez a kombin\u00e1ci\u00f3, \u00e9s j\u00f3l is lehet dolgozni a kr\u00e9mmel. Tal\u00e1n l\u00e1tszik is, hogy csak leheletv\u00e9kony vajkr\u00e9m-r\u00e9teg z\u00e1r, nincs\u00a0 sz\u00edvem elrontani m\u00e9g nyomokban sem az \u00edzt. A macsek kialak\u00edt\u00e1sa v\u00e9gtelen\u00fcl egyszer\u0171, a pisk\u00f3ta sz\u00e9leinek g\u00f6mb\u00f6lydeds\u00e9g\u00e9t kihaszn\u00e1lva faragtam kicsit csak, \u00e9s bev\u00e1g\u00e1sokkal emelem ki a fej, a comb \u00e9s farok k\u00f6rvonal\u00e1t, minim\u00e1lis anyagvesztes\u00e9ggel. Majd kisebb marcidarabokkal hangs\u00falyoztam az arc domborulatait, kapott kis szem\u00f6ld\u00f6k\u00f6ket, pof\u00e1t, \u00e9s tok\u00e1t. Bevon\u00e1s \u00e9s fest\u00e9s ut\u00e1n ker\u00fclt fel az orr \u00e9s a mancsok. <br><br>\u00a0\u00a0 Nagyon j\u00f3l esett most ezt k\u00e9sz\u00edtenem, megint mag\u00e1t\u00f3l j\u00f6tt minden, im\u00e1dom az ilyen alkot\u00e1st. :)<br><br>\u00a0 Ja, m\u00edg el nem felejtem: Boldog Sz\u00fclinapot Anna! :D<br><br><div><a href=\"http:\/\/4.bp.blogspot.com\/-vonIQoHYWDA\/T8s-W1NchdI\/AAAAAAAABJo\/spoyjXREnuk\/s1600\/20120603_004.jpg\"><img border=\"0\" height=\"480\" src=\"https:\/\/dinavilaga.cafeblog.hu\/files\/2012\/06\/20120603_004.jpg\" width=\"640\"><\/a><\/div><br>","type":"rich"}

Dina világa

<div><a href="http://4.bp.blogspot.com/-jbNRsJSrgNY/T8s6PLJNKbI/AAAAAAAABJY/eYKZv4sZ8jU/s1600/20120603_001.jpg"><img border="0" height="480" src="https://dinavilaga.cafeblog.hu/files/2012/06/20120603_001.jpg" width="640"></a></div><br><br>   Új kihívás érkezett. :) Volt kolléganőm szülinapjára készült. Teljesen rám bízták a dolgot, hisz ismerem. Bár a gyönyörű 60-at tölti, szabad szájú, vagány, laza nőcit kell elképzelni, aki imádja a macskákat, szóval nem az a tipikus lilavirágos-masnis emberke. Macskából is készült már rengeteg torta, a gömbölyödve alvós már nekem kicsit uncsi, már volt is, ekkora méretben az ülővel meg sem próbálkozom. Jerry Tom-ja tűnt még jó ötletnek, de valami mást, valami vagányabbat szerettem volna. Neten találtam rá egy fotóra, aztán kis baráti körömben tartottam mini szavazást. A gömbölyödött, Tom és ez lehetett volna, egyértelműen ez lett a befutó. Tök olyan, mint egy jóllakott napközis. :D  <br><br>   Elhatároztam, hogy majd most is fázisonként fotózok, aztán szokás szerint csak az első jött össze, utána már valahogy elfelejtődött  a masina. Az elsőt azért hozom.<br><br><div><a href="http://4.bp.blogspot.com/-_g2UeEMNh58/T8s8bW7tR2I/AAAAAAAABJg/uvfS8AXJDZ0/s1600/20120601_033.jpg"><img border="0" height="434" src="https://dinavilaga.cafeblog.hu/files/2012/06/20120601_033.jpg" width="640"></a></div><br>   Tejbegrízes krémmel és karamellel lett töltve, csakúgy, mint öcsié, nagyon bejön most ez a kombináció, és jól is lehet dolgozni a krémmel. Talán látszik is, hogy csak leheletvékony vajkrém-réteg zár, nincs  szívem elrontani még nyomokban sem az ízt. A macsek kialakítása végtelenül egyszerű, a piskóta széleinek gömbölydedségét kihasználva faragtam kicsit csak, és bevágásokkal emelem ki a fej, a comb és farok körvonalát, minimális anyagveszteséggel. Majd kisebb marcidarabokkal hangsúlyoztam az arc domborulatait, kapott kis szemöldököket, pofát, és tokát. Bevonás és festés után került fel az orr és a mancsok. <br><br>   Nagyon jól esett most ezt készítenem, megint magától jött minden, imádom az ilyen alkotást. :)<br><br>  Ja, míg el nem felejtem: Boldog Szülinapot Anna! :D<br><br><div><a href="http://4.bp.blogspot.com/-vonIQoHYWDA/T8s-W1NchdI/AAAAAAAABJo/spoyjXREnuk/s1600/20120603_004.jpg"><img border="0" height="480" src="https://dinavilaga.cafeblog.hu/files/2012/06/20120603_004.jpg" width="640"></a></div><br>
